ed by 119.
13
Calculate the remainder when 3336 is divided by 71.
70
Calculate the remainder when 286 is divided by 8.
6
Calculate the remainder when 57 is divided by 9.
3
What is the remainder when 546 is divided by 16?
2
Calculate the remainder when 72 is divided by 18.
0
Calculate the remainder when 4814 is divided by 105.
89
What is the remainder when 199 is divided by 7?
3
Calculate the remainder when 110 is divided by 30.
20
What is the remainder when 81 is divided by 7?
4
Calculate the remainder when 164 is divided by 104.
60
What is the remainder when 199 is divided by 17?
12
What is the remainder when 317 is divided by 80?
77
Calculate the remainder when 345 is divided by 102.
39
Calculate the remainder when 227 is divided by 69.
20
Calculate the remainder when 1454 is divided by 225.
104
What is the remainder when 120 is divided by 11?
10
What is the remainder when 99 is divided by 40?
19
What is the remainder when 161 is divided by 42?
35
What is the remainder when 124 is divided by 26?
20
What is the remainder when 76 is divided by 34?
8
Calculate the remainder when 4433 is divided by 193.
187
Calculate the remainder when 28 is divided by 19.
9
Calculate the remainder when 1067 is divided by 12.
11
Calculate the remainder when 1624 is divided by 65.
64
What is the remainder when 5470 is divided by 72?
70
Calculate the remainder when 857 is divided by 20.
17
Calculate the remainder when 11047 is divided by 10.
7
Calculate the remainder when 690 is divided by 63.
60
Calculate the remainder when 88 is divided by 19.
12
What is the remainder when 428 is divided by 167?
94
Calculate the remainder when 838 is divided by 24.
22
Calculate the remainder when 902 is divided by 5.
2
What is the remainder when 1805 is divided by 129?
128
Calculate the remainder when 1125 is divided by 535.
55
What is the remainder when 1607 is divided by 67?
66
Calculate the remainder when 156 is divided by 8.
4
Calculate the remainder when 2088 is divided by 100.
88
What is the remainder when 130 is divided by 34?
28
Calculate the remainder when 1870 is divided by 67.
61
What is the remainder when 141 is divided by 29?
25
What is the remainder when 301 is divided by 16?
13
Calculate the remainder when 104 is divided by 17.
2
Calculate the remainder when 10063 is divided by 37.
36
Calculate the remainder when 26343 is divided by 74.
73
Calculate the remainder when 331 is divided by 82.
3
Calculate the remainder when 559 is divided by 40.
39
Calculate the remainder when 4922 is divided by 545.
17
Calculate the remainder when 1045 is divided by 340.
25
What is the remainder when 8726 is divided by 30?
26
What is the remainder when 187 is divided by 66?
55
Calculate the remainder when 91 is divided by 85.
6
Calculate the remainder when 58 is divided by 23.
12
Calculate the remainder when 4477 is divided by 405.
22
What is the remainder when 702 is divided by 59?
53
Calculate the remainder when 781 is divided by 27.
25
Calculate the remainder when 3458 is divided by 25.
8
Calculate the remainder when 368 is divided by 31.
27
Calculate the remainder when 214 is divided by 45.
34
What is the remainder when 432 is divided by 428?
4
What is the remainder when 115 is divided by 25?
15
What is the remainder when 1027 is divided by 10?
7
Calculate the remainder when 3527 is divided by 4.
3
What is the remainder when 78 is divided by 30?
18
What is the remainder when 191 is divided by 5?
1
Calculate the remainder when 45 is divided by 10.
5
Calculate the remainder when 34122 is divided by 39.
36
What is the remainder when 71 is divided by 13?
6
Calculate the remainder when 407 is divided by 113.
68
What is the remainder when 1122 is divided by 274?
26
What is the remainder when 2034 is divided by 102?
96
What is the remainder when 205 is divided by 2?
1
Calculate the remainder when 117 is divided by 25.
17
What is the remainder when 184 is divided by 165?
19
What is the remainder when 14 is divided by 4?
2
What is the remainder when 425 is divided by 62?
53
What is the remainder when 736 is divided by 74?
70
What is the remainder when 194 is divided by 190?
4
What is the remainder when 6806 is divided by 96?
86
Calculate the remainder when 60 is divided by 9.
6
What is the remainder when 269 is divided by 11?
5
Calculate the remainder when 263 is divided by 5.
3
Calculate the remainder when 143 is divided by 14.
3
What is the remainder when 188 is divided by 59?
11
What is the remainder when 2792 is divided by 16?
8
Calculate the remainder when 8108 is divided by 4046.
16
What is the remainder when 412 is divided by 53?
41
What is the remainder when 1283 is divided by 192?
131
Calculate the remainder when 60 is divided by 43.
17
What is the remainder when 253 is divided by 44?
33
Calculate the remainder when 142 is divided by 33.
10
What is the remainder when 633 is divided by 50?
33
What is the remainder when 836 is divided by 826?
10
What is the remainder when 1590 is divided by 14?
8
What is the remainder when 118 is divided by 32?
22
What is the remainder when 445 is divided by 9?
4
What is the remainder when 511 is divided by 54?
25
What is the remainder when 36536 is divided by 140?
136
Calculate the remainder when 34 is divided by 28.
6
What is the remainder when 669 is divided by 238?
193
What is the remainder when 76 is divided by 39?
37
Calculate the remainder when 441 is divided by 17.
16
Calculate the remainder when 172 is divided by 162.
10
What is the remainder when 492 is divided by 125?
117
What is the remainder when 131 is divided by 17?
12
What is the remainder when 521 is divided by 35?
31
Calculate the remainder when 66 is divided by 5.
1
Calculate the remainder when 2204 is divided by 155.
34
Calculate the remainder when 30 is divided by 19.
11
Calculate the remainder when 807 is divided by 14.
9
Calculate the remainder when 312 is divided by 21.
18
Calculate the remainder when 42 is divided by 15.
12
Calculate the remainder when 128 is divided by 22.
18
Calculate the remainder when 2768 is divided by 39.
38
What is the remainder when 797 is divided by 50?
47
What is the remainder when 121 is divided by 47?
27
Calculate the remainder when 5930 is divided by 86.
82
What is the remainder when 535 is divided by 46?
29
Calculate the remainder when 58 is divided by 20.
18
What is the remainder when 39 is divided by 33?
6
Calculate the remainder when 227 is divided by 40.
27
Calculate the remainder when 449 is divided by 442.
7
Calculate the remainder when 8684 is divided by 9.
8
Calculate the remainder when 87 is divided by 1.
0
Calculate the remainder when 207 is divided by 66.
9
What is the remainder when 168 is divided by 83?
2
Calculate the remainder when 244 is divided by 19.
16
Calculate the remainder when 697 is divided by 24.
1
What is the remainder when 12 is divided by 7?
5
Calculate the remainder when 150 is divided by 40.
30
Calculate the remainder when 514 is divided by 40.
34
Calculate the remainder when 33 is divided by 17.
16
What is the remainder when 332 is divided by 24?
20
Calculate the remainder when 325 is divided by 103.
16
Calculate the remainder when 214 is divided by 77.
60
Calculate the remainder when 41621 is divided by 86.
83
What is the remainder when 3302 is divided by 43?
34
Calculate the remainder when 827 is divided by 53.
32
Calculate the remainder when 415 is divided by 30.
25
What is the remainder when 95 is divided by 16?
15
What is the remainder when 42 is divided by 31?
11
What is the remainder when 2953 is divided by 137?
76
What is the remainder when 68 is divided by 6?
2
Calculate the remainder when 112 is divided by 38.
36
Calculate the remainder when 50 is divided by 38.
12
What is the remainder when 119 is divided by 22?
9
Calculate the remainder when 2048 is divided by 10.
8
Calculate the remainder when 70 is divided by 49.
21
Calculate the remainder when 1391 is divided by 460.
11
What is the remainder when 492 is divided by 231?
30
What is the remainder when 120 is divided by 37?
9
Calculate the remainder when 34432 is divided by 71.
68
What is the remainder when 415 is divided by 16?
15
What is the remainder when 22 is divided by 5?
2
Calculate the remainder when 91 is divided by 7.
0
What is the remai